{"id":717,"date":"2023-08-06T22:35:36","date_gmt":"2023-08-06T22:35:36","guid":{"rendered":"https:\/\/holupmexico.com\/?post_type=product&#038;p=717"},"modified":"2023-08-09T01:31:18","modified_gmt":"2023-08-09T01:31:18","slug":"gelato","status":"publish","type":"product","link":"https:\/\/holupmexico.com\/?product=gelato","title":{"rendered":"Gelato"},"content":{"rendered":"<h2>Gelato<\/h2>\n<p class=\"responsive-video-wrap clr\"><iframe loading=\"lazy\" title=\"Video Placeholder\" width=\"1200\" height=\"675\" src=\"https:\/\/www.youtube.com\/embed\/XHOmBV4js_E?feature=oembed\" frameborder=\"0\" allow=\"accelerometer; autoplay; clipboard-write; encrypted-media; gyroscope; picture-in-picture; web-share\" allowfullscreen><\/iframe><\/p>\n<style>\/*! elementor - v3.15.0 - 02-08-2023 *\/\n.elementor-widget-image{text-align:center}.elementor-widget-image a{display:inline-block}.elementor-widget-image a img[src$=\".svg\"]{width:48px}.elementor-widget-image img{vertical-align:middle;display:inline-block}<\/style>\n<p>\t\t\t\t\t\t\t\t\t\t\t\t<img decoding=\"async\" width=\"1501\" height=\"1501\" src=\"http:\/\/holupmexico.com\/wp-content\/uploads\/2023\/08\/Gelato-1@2x.png\" alt=\"\" loading=\"lazy\" srcset=\"https:\/\/holupmexico.com\/wp-content\/uploads\/2023\/08\/Gelato-1@2x.png 1501w, https:\/\/holupmexico.com\/wp-content\/uploads\/2023\/08\/Gelato-1@2x-300x300.png 300w, https:\/\/holupmexico.com\/wp-content\/uploads\/2023\/08\/Gelato-1@2x-1024x1024.png 1024w, https:\/\/holupmexico.com\/wp-content\/uploads\/2023\/08\/Gelato-1@2x-150x150.png 150w, https:\/\/holupmexico.com\/wp-content\/uploads\/2023\/08\/Gelato-1@2x-768x768.png 768w, https:\/\/holupmexico.com\/wp-content\/uploads\/2023\/08\/Gelato-1@2x-600x600.png 600w, https:\/\/holupmexico.com\/wp-content\/uploads\/2023\/08\/Gelato-1@2x-100x100.png 100w\" sizes=\"auto, (max-width: 1501px) 100vw, 1501px\" \/><br \/>\n            <button title=\"Product Thumbnail\" \n              ><br \/>\n\t\t\t\t\t\t\t<\/button><br \/>\n\t\t<a href=\"http:\/\/holupmexico.com\/wp-content\/uploads\/2023\/07\/tarro-4.png\"><img width=\"600\" height=\"453\" src=\"http:\/\/holupmexico.com\/wp-content\/uploads\/2023\/07\/tarro-4-600x453.png\" alt=\"\" decoding=\"async\" loading=\"lazy\" title=\"tarro-4\" data-caption=\"\" data-src=\"http:\/\/holupmexico.com\/wp-content\/uploads\/2023\/07\/tarro-4.png\" data-large_image=\"http:\/\/holupmexico.com\/wp-content\/uploads\/2023\/07\/tarro-4.png\" data-large_image_width=\"789\" data-large_image_height=\"596\" srcset=\"https:\/\/holupmexico.com\/wp-content\/uploads\/2023\/07\/tarro-4-600x453.png 600w, https:\/\/holupmexico.com\/wp-content\/uploads\/2023\/07\/tarro-4-300x227.png 300w, https:\/\/holupmexico.com\/wp-content\/uploads\/2023\/07\/tarro-4-768x580.png 768w, https:\/\/holupmexico.com\/wp-content\/uploads\/2023\/07\/tarro-4.png 789w\" sizes=\"auto, (max-width: 600px) 100vw, 600px\" \/><\/a>\t<\/p>\n<h2>Gelato<\/h2>\n<p>FIJACI\u00d3N MEDIA | A BASE DE ACEITE<\/p>\n<p>                    Nivel de brillo<br \/>\n                    Nivel de fijaci\u00f3n<br \/>\n\t\t\t\t\t\t\t\t\t\t\t\t\t\t\t<img decoding=\"async\" src=\"http:\/\/holupmexico.com\/wp-content\/uploads\/elementor\/thumbs\/icon-man-q9bzwh8k49cb0refhiklh47okutgxewzf9e68thxc0.png\" title=\"icon-man\" alt=\"icon-man\" loading=\"lazy\" \/><br \/>\n\t\t\t\t\t\t\t\t\t\t\t\t\t\t\t<img decoding=\"async\" src=\"http:\/\/holupmexico.com\/wp-content\/uploads\/elementor\/thumbs\/icon-hojja-q9bzwh8k49cb0refhiklh47okutgxewzf9e68thxc0.png\" title=\"icon-hojja\" alt=\"icon-hojja\" loading=\"lazy\" \/><br \/>\n\t\t\t\t\t\t\t\t\t\t\t\t\t\t\t<img decoding=\"async\" src=\"http:\/\/holupmexico.com\/wp-content\/uploads\/elementor\/thumbs\/icon-cana-q9bzwgapxfb0p5fsn05ywmg7zgy3ppt934qorjjbi8.png\" title=\"icon-cana\" alt=\"icon-cana\" loading=\"lazy\" \/><br \/>\n\t\t\t\t\t\t\t\t\t\t\t\t\t\t\t<img decoding=\"async\" src=\"http:\/\/holupmexico.com\/wp-content\/uploads\/elementor\/thumbs\/icon-heart-q9bzwh8k49cb0refhiklh47okutgxewzf9e68thxc0.png\" title=\"icon-heart\" alt=\"icon-heart\" loading=\"lazy\" \/><br \/>\n\t\t\t\t\t\t\t\t\t\t\t\t\t\t\t<img decoding=\"async\" src=\"http:\/\/holupmexico.com\/wp-content\/uploads\/elementor\/thumbs\/icon-bunny-q9bzwgapxfb0p5fsn05ywmg7zgy3ppt934qorjjbi8.png\" title=\"icon-bunny\" alt=\"icon-bunny\" loading=\"lazy\" \/><br \/>\n\t\t\t\t\t\t\t\t\t\t\t\t\t\t\t<img decoding=\"async\" src=\"http:\/\/holupmexico.com\/wp-content\/uploads\/elementor\/thumbs\/icon-american-q9bzwgapxfb0p5fsn05ywmg7zgy3ppt934qorjjbi8.png\" title=\"icon-american\" alt=\"icon-american\" loading=\"lazy\" \/>\t\t\t\t\t\t\t\t\t\t\t\t\t\t\t<\/p>\n<p><bdi>&#36;330.00<\/bdi><\/p>\n<style>.elementor-element-5a8416ae .shopengine-swatches .quantity-wrap  {order: 1;}.elementor-element-5a8416ae .shopengine-swatches .cart .button  {order: 2;}.elementor-element-5a8416ae .shopengine-swatches .shopengine-quick-checkout-button  {order: 3;}.elementor-element-5a8416ae .shopengine-swatches .shopengine-wishlist  {order: 4;}.elementor-element-5a8416ae .shopengine-swatches .shopengine-comparison  {order: 5;}.elementor-element-5a8416ae .shopengine-swatches .shopengine-partial-payment-container  {order: 6;}<\/style>\n<form action=\"https:\/\/holupmexico.com\/?product=gelato\" method=\"post\" enctype='multipart\/form-data' data-product_id=\"717\" data-product_variations=\"[{&quot;attributes&quot;:{&quot;attribute_gramaje&quot;:&quot;4.20 OZ \/ 120 G&quot;},&quot;availability_html&quot;:&quot;&quot;,&quot;backorders_allowed&quot;:false,&quot;dimensions&quot;:{&quot;length&quot;:&quot;&quot;,&quot;width&quot;:&quot;&quot;,&quot;height&quot;:&quot;&quot;},&quot;dimensions_html&quot;:&quot;N\/D&quot;,&quot;display_price&quot;:330,&quot;display_regular_price&quot;:330,&quot;image&quot;:{&quot;title&quot;:&quot;tarro-4&quot;,&quot;caption&quot;:&quot;&quot;,&quot;url&quot;:&quot;http:\/\/holupmexico.com\/wp-content\/uploads\/2023\/07\/tarro-4.png&quot;,&quot;alt&quot;:&quot;tarro-4&quot;,&quot;src&quot;:&quot;http:\/\/holupmexico.com\/wp-content\/uploads\/2023\/07\/tarro-4-600x453.png&quot;,&quot;srcset&quot;:&quot;https:\/\/holupmexico.com\/wp-content\/uploads\/2023\/07\/tarro-4-600x453.png 600w, https:\/\/holupmexico.com\/wp-content\/uploads\/2023\/07\/tarro-4-300x227.png 300w, https:\/\/holupmexico.com\/wp-content\/uploads\/2023\/07\/tarro-4-768x580.png 768w, https:\/\/holupmexico.com\/wp-content\/uploads\/2023\/07\/tarro-4.png 789w&quot;,&quot;sizes&quot;:&quot;(max-width: 600px) 100vw, 600px&quot;,&quot;full_src&quot;:&quot;http:\/\/holupmexico.com\/wp-content\/uploads\/2023\/07\/tarro-4.png&quot;,&quot;full_src_w&quot;:789,&quot;full_src_h&quot;:596,&quot;gallery_thumbnail_src&quot;:&quot;http:\/\/holupmexico.com\/wp-content\/uploads\/2023\/07\/tarro-4-100x100.png&quot;,&quot;gallery_thumbnail_src_w&quot;:100,&quot;gallery_thumbnail_src_h&quot;:100,&quot;thumb_src&quot;:&quot;http:\/\/holupmexico.com\/wp-content\/uploads\/2023\/07\/tarro-4-300x300.png&quot;,&quot;thumb_src_w&quot;:300,&quot;thumb_src_h&quot;:300,&quot;src_w&quot;:600,&quot;src_h&quot;:453},&quot;image_id&quot;:662,&quot;is_downloadable&quot;:false,&quot;is_in_stock&quot;:true,&quot;is_purchasable&quot;:true,&quot;is_sold_individually&quot;:&quot;no&quot;,&quot;is_virtual&quot;:false,&quot;max_qty&quot;:&quot;&quot;,&quot;min_qty&quot;:1,&quot;price_html&quot;:&quot;&quot;,&quot;sku&quot;:&quot;&quot;,&quot;variation_description&quot;:&quot;&quot;,&quot;variation_id&quot;:718,&quot;variation_is_active&quot;:true,&quot;variation_is_visible&quot;:true,&quot;weight&quot;:&quot;&quot;,&quot;weight_html&quot;:&quot;N\/D&quot;},{&quot;attributes&quot;:{&quot;attribute_gramaje&quot;:&quot;13 OZ \/ 369 G&quot;},&quot;availability_html&quot;:&quot;&quot;,&quot;backorders_allowed&quot;:false,&quot;dimensions&quot;:{&quot;length&quot;:&quot;&quot;,&quot;width&quot;:&quot;&quot;,&quot;height&quot;:&quot;&quot;},&quot;dimensions_html&quot;:&quot;N\/D&quot;,&quot;display_price&quot;:330,&quot;display_regular_price&quot;:330,&quot;image&quot;:{&quot;title&quot;:&quot;tarro-4&quot;,&quot;caption&quot;:&quot;&quot;,&quot;url&quot;:&quot;http:\/\/holupmexico.com\/wp-content\/uploads\/2023\/07\/tarro-4.png&quot;,&quot;alt&quot;:&quot;tarro-4&quot;,&quot;src&quot;:&quot;http:\/\/holupmexico.com\/wp-content\/uploads\/2023\/07\/tarro-4-600x453.png&quot;,&quot;srcset&quot;:&quot;https:\/\/holupmexico.com\/wp-content\/uploads\/2023\/07\/tarro-4-600x453.png 600w, https:\/\/holupmexico.com\/wp-content\/uploads\/2023\/07\/tarro-4-300x227.png 300w, https:\/\/holupmexico.com\/wp-content\/uploads\/2023\/07\/tarro-4-768x580.png 768w, https:\/\/holupmexico.com\/wp-content\/uploads\/2023\/07\/tarro-4.png 789w&quot;,&quot;sizes&quot;:&quot;(max-width: 600px) 100vw, 600px&quot;,&quot;full_src&quot;:&quot;http:\/\/holupmexico.com\/wp-content\/uploads\/2023\/07\/tarro-4.png&quot;,&quot;full_src_w&quot;:789,&quot;full_src_h&quot;:596,&quot;gallery_thumbnail_src&quot;:&quot;http:\/\/holupmexico.com\/wp-content\/uploads\/2023\/07\/tarro-4-100x100.png&quot;,&quot;gallery_thumbnail_src_w&quot;:100,&quot;gallery_thumbnail_src_h&quot;:100,&quot;thumb_src&quot;:&quot;http:\/\/holupmexico.com\/wp-content\/uploads\/2023\/07\/tarro-4-300x300.png&quot;,&quot;thumb_src_w&quot;:300,&quot;thumb_src_h&quot;:300,&quot;src_w&quot;:600,&quot;src_h&quot;:453},&quot;image_id&quot;:662,&quot;is_downloadable&quot;:false,&quot;is_in_stock&quot;:true,&quot;is_purchasable&quot;:true,&quot;is_sold_individually&quot;:&quot;no&quot;,&quot;is_virtual&quot;:false,&quot;max_qty&quot;:&quot;&quot;,&quot;min_qty&quot;:1,&quot;price_html&quot;:&quot;&quot;,&quot;sku&quot;:&quot;&quot;,&quot;variation_description&quot;:&quot;&quot;,&quot;variation_id&quot;:719,&quot;variation_is_active&quot;:true,&quot;variation_is_visible&quot;:true,&quot;weight&quot;:&quot;&quot;,&quot;weight_html&quot;:&quot;N\/D&quot;}]\">\n<table cellspacing=\"0\" role=\"presentation\">\n<tbody>\n<tr>\n<th><label for=\"gramaje\">Gramaje<\/label><\/th>\n<td>\n\t\t\t\t\t\t\t<select id=\"gramaje\" name=\"attribute_gramaje\" data-attribute_name=\"attribute_gramaje\" data-show_option_none=\"yes\"><option value=\"\">Elige una opci\u00f3n<\/option><option value=\"4.20 OZ \/ 120 G\" >4.20 OZ \/ 120 G<\/option><option value=\"13 OZ \/ 369 G\" >13 OZ \/ 369 G<\/option><\/select><a href=\"#\">Limpiar<\/a>\t\t\t\t\t\t<\/td>\n<\/tr>\n<\/tbody>\n<\/table>\n<p>\t<button title=\"Add to Wishlist\" data-pid=\"717\"><br \/>\n\t\t\t<\/button><br \/>\n    <a\n            data-payload='{\"pid\":717}'\n    >  <\/a><br \/>\n\t\t\t\t\t\t<button type=\"button\"\n\t\t\t\t\t\t\tclass=\"minus\">  <\/button><br \/>\n\t\t<label for=\"quantity_64d2ec662cb75\">Gelato cantidad<\/label><br \/>\n\t<input\n\t\ttype=\"number\"\n\t\t\t\tid=\"quantity_64d2ec662cb75\"\n\t\tclass=\"input-text qty text\"\n\t\tname=\"quantity\"\n\t\tvalue=\"1\"\n\t\taria-label=\"Product quantity\"\n\t\tsize=\"4\"\n\t\tmin=\"1\"\n\t\tmax=\"\"\n\t\t\t\t\tstep=\"1\"\n\t\t\tplaceholder=\"\"\n\t\t\tinputmode=\"numeric\"\n\t\t\tautocomplete=\"off\"\n\t\t\t\/><br \/>\n\t\t\t\t\t<button type=\"button\"\n\t\t\t\t\t\t\tclass=\"plus\">  <\/button><br \/>\n\t<button type=\"submit\">A\u00f1adir al carrito<\/button><br \/>\n\t<input type=\"hidden\" name=\"add-to-cart\" value=\"717\" \/><br \/>\n\t<input type=\"hidden\" name=\"product_id\" value=\"717\" \/><br \/>\n\t<input type=\"hidden\" name=\"variation_id\" value=\"0\" \/><br \/>\n\t<\/form>\n<p>\t\t\t\t\t\t\t\t\t\t\t\t\t\t\t<img decoding=\"async\" src=\"http:\/\/holupmexico.com\/wp-content\/uploads\/elementor\/thumbs\/logoo@2x-e1691368264445-qajdid2gfnec1xxck9a06pct5oxrx2ej5e5n5p8yyo.png\" title=\"logoo@2x\" alt=\"logoo@2x\" loading=\"lazy\" \/><br \/>\n\t\t\t\t\t\t\t\t\t\t\t\t\t\t\t<img decoding=\"async\" src=\"http:\/\/holupmexico.com\/wp-content\/uploads\/elementor\/thumbs\/gelato-2@2x-qajd4cb4hm7j0bhtqip31vha9xkxhdc101h91zzv9c.png\" title=\"gelato-2@2x\" alt=\"gelato-2@2x\" loading=\"lazy\" \/>\t\t\t\t\t\t\t\t\t\t\t\t\t\t\t<\/p>\n<style>\/*! elementor - v3.15.0 - 02-08-2023 *\/\n.elementor-heading-title{padding:0;margin:0;line-height:1}.elementor-widget-heading .elementor-heading-title[class*=elementor-size-]>a{color:inherit;font-size:inherit;line-height:inherit}.elementor-widget-heading .elementor-heading-title.elementor-size-small{font-size:15px}.elementor-widget-heading .elementor-heading-title.elementor-size-medium{font-size:19px}.elementor-widget-heading .elementor-heading-title.elementor-size-large{font-size:29px}.elementor-widget-heading .elementor-heading-title.elementor-size-xl{font-size:39px}.elementor-widget-heading .elementor-heading-title.elementor-size-xxl{font-size:59px}<\/style>\n<h2>CONT\u00c1CTANOS<\/h2>\n<p>\t\t[ninja_form id=&#8217;1&#8242;]<\/p>\n","protected":false},"excerpt":{"rendered":"<p>Gelato Gelato FIJACI\u00d3N MEDIA | A BASE DE ACEITE Nivel de brillo Nivel de fijaci\u00f3n &#36;330.00 Gramaje Elige una opci\u00f3n4.20 OZ \/ 120 G13 OZ \/ 369 GLimpiar Gelato cantidad A\u00f1adir al carrito CONT\u00c1CTANOS [ninja_form id=&#8217;1&#8242;]<\/p>\n","protected":false},"featured_media":662,"comment_status":"open","ping_status":"closed","template":"elementor_header_footer","meta":[],"product_cat":[52],"product_tag":[],"class_list":{"0":"post-717","1":"product","2":"type-product","3":"status-publish","4":"has-post-thumbnail","6":"product_cat-gelato","8":"entry","9":"has-media","11":"first","12":"instock","13":"shipping-taxable","14":"purchasable","15":"product-type-variable","16":"has-product-nav","17":"col","18":"span_1_of_3","19":"owp-content-center","20":"owp-thumbs-layout-horizontal","21":"owp-btn-normal","22":"owp-tabs-layout-horizontal","23":"has-no-thumbnails"},"_links":{"self":[{"href":"https:\/\/holupmexico.com\/index.php?rest_route=\/wp\/v2\/product\/717","targetHints":{"allow":["GET"]}}],"collection":[{"href":"https:\/\/holupmexico.com\/index.php?rest_route=\/wp\/v2\/product"}],"about":[{"href":"https:\/\/holupmexico.com\/index.php?rest_route=\/wp\/v2\/types\/product"}],"replies":[{"embeddable":true,"href":"https:\/\/holupmexico.com\/index.php?rest_route=%2Fwp%2Fv2%2Fcomments&post=717"}],"wp:featuredmedia":[{"embeddable":true,"href":"https:\/\/holupmexico.com\/index.php?rest_route=\/wp\/v2\/media\/662"}],"wp:attachment":[{"href":"https:\/\/holupmexico.com\/index.php?rest_route=%2Fwp%2Fv2%2Fmedia&parent=717"}],"wp:term":[{"taxonomy":"product_cat","embeddable":true,"href":"https:\/\/holupmexico.com\/index.php?rest_route=%2Fwp%2Fv2%2Fproduct_cat&post=717"},{"taxonomy":"product_tag","embeddable":true,"href":"https:\/\/holupmexico.com\/index.php?rest_route=%2Fwp%2Fv2%2Fproduct_tag&post=717"}],"curies":[{"name":"wp","href":"https:\/\/api.w.org\/{rel}","templated":true}]}}